b**3 + 7*b**2 - 16*b + 39. Let n be y(13). What is the highest common factor of n and 338?
169
Let i = -130 + 202. Suppose -2*f + 20 = 5*d, 8 = -d - 3*f + 25. Suppose d*z - 52 = -36. Calculate the highest common divisor of i and z.
8
Let s = -26 - -29. Let m be s - ((-356)/10 - 10/25). Let l = m - 29. Calculate the highest common divisor of l and 5.
5
Suppose 2*b = -3*h + 4*h + 14, 3*h = -b. Suppose -5*g = 2*t - 60 - 51, -3*g = t - 57. What is the greatest common factor of b and t?
6
Suppose w = -5*p + 1, -4*w - 26*p + 40 = -24*p. Let k be (8 - 206)*(-3)/2. Calculate the highest common divisor of k and w.
11
Suppose 34 - 97 = 3*f + 4*o, 5*f + 3*o = -94. Let m(v) = v**3 + 18*v**2 - 22*v + 13. Let t be m(f). What is the greatest common factor of 13 and t?
13
Let m(n) = 4*n**3 - n**2 + 2*n. Let q be m(2). Let g(u) = 1004*u + 8. Let h be g(2). Suppose -37*z + 44*z = h. What is the greatest common factor of q and z?
32
Let w = -58 - -128. Let t be (-60)/(-21)*w/4. Let y(m) = 4*m**2 + 27*m + 28. Let j be y(-6). What is the highest common divisor of j and t?
10
Suppose -41*b + 43*b - 270 = -p, 5*p - 3*b - 1363 = 0. What is the greatest common divisor of 48 and p?
16
Let b = 76 + -26. Let c = 55 - b. Let m = 23 - c. What is the greatest common factor of 9 and m?
9
Let a(x) = x**3 + 40*x**2 - 83*x + 114. Let d be a(-42). Calculate the highest common divisor of d and 16896.
24
Suppose 2*t - 96 = q, -4*q - 282 - 124 = 3*t. Let y = q - -114. Calculate the greatest common factor of y and 6.
2
Let d(l) = 10*l - 33. Let z be d(10). Suppose 397 = 3*w + 5*q, 3*w - 2*q - 157 = 247. Calculate the highest common divisor of z and w.
67
Suppose 20*d = 444 - 204. Calculate the highest common divisor of 1257 and d.
3
Let t = -53 - -77. Let w(s) = -4*s**2 - 260*s - 444. Let c be w(-63). What is the greatest common factor of t and c?
12
Suppose 0 = 35*u - 1114 - 1336. Calculate the highest common factor of u and 154.
14
Let f(d) = d**3 + 17*d**2 + 21*d + 73. Let q be f(-15). Suppose -6*l = -2*s - 2*l + 36, 5*l = 20. What is the greatest common factor of q and s?
26
Suppose 0 = -5*x + 4*n + 14649 - 2784, 3*x - 7112 = n. Calculate the greatest common divisor of 299 and x.
23
Suppose 0 = 3*n - 4*n + 18. Suppose -2592 = 4*a - 2616. What is the highest common divisor of n and a?
6
Suppose z - 4*i = 13, 0 = -3*z - 3*i + 34 + 50. Let o be (172 + (11 - 5))/(0 + -1). Let y = o + 303. What is the highest common divisor of y and z?
25
Let c be (-3)/18 - 413/42*-29. Calculate the highest common factor of c and 399.
57
Suppose -2*m - 720 = 3*q - 1994, -4*q = 4*m - 1692. What is the highest common factor of q and 12?
4
Let s(h) = -h**2 - h + 36. Let n be s(0). Suppose -58*d = -61*d + n. Calculate the greatest common factor of d and 66.
6
Suppose 3532 + 976 = -7*h. Let o be (-88)/(-198) + h/(-9). Calculate the highest common divisor of 162 and o.
18
Let n(i) = 26*i**2 - i - 7. Let h be n(5). Suppose -13711*z = -13552*z - 2293 - 1205. Calculate the highest common factor of z and h.
22
Suppose -h = -4*v + 40, 0*v - 30 = -3*v + 3*h. Suppose -v*d + 426 = -34. Calculate the greatest common divisor of d and 874.
46
Let j(b) = 9*b - 11. Let o be j(6). Suppose 8*v - o = 157. Calculate the highest common factor of 725 and v.
25
Suppose 5 = 5*q, 0 = 2*k + 4*q - 64 - 164. What is the highest common factor of 21 and k?
7
Suppose -4*j + 15 + 86 = 5*m, -4*j + 5*m + 91 = 0. Calculate the highest common divisor of j and 318.
6
Let d(r) = -18 - 7 - 2*r + 4*r**2 - 22*r - 12*r. Let o be d(12). What is the highest common factor of o and 51?
17
Let f be 4/(-5)*(-11 - (-11033)/(-22)). What is the highest common factor of 1066 and f?
82
Let a = 2599 + -2591. What is the highest common divisor of a and 2764?
4
Let f(x) = -11*x + 32. Let v be f(0). Suppose -28 = -3*t - 2*z, -t - 5*z - 1 + v = 0. Suppose 3*c - 90 = -2*c. Calculate the greatest common factor of t and c.
6
Let y = 76 - -63. Let p = 150 - y. What is the highest common divisor of 33 and p?
11
Let i = -175 + 200. Suppose 22*s - i*s + 240 = 0. What is the highest common divisor of s and 32?
16
Let s(c) = c**3 - 11*c**2 + 3*c + 12. Let j be s(11). Let n = -9 + 72. What is the highest common divisor of j and n?
9
Let b(x) = 3 - 2*x**3 + 4*x + 10*x**2 + 0*x + 3*x**3 + 22. Let q be b(-9). Suppose -2*i + q = -0*i. Calculate the greatest common divisor of i and 175.
35
Let t(h) = -22*h - 94. Let n be t(-4). Let o be (13/(-2) - (-12)/n)*-2. What is the greatest common factor of o and 1343?
17
Suppose 3*u = d + 2298, u + 87 = -2*d + 867. What is the highest common factor of u and 416?
32
Let p(n) = -n**3 - 30*n**2 - 13*n - 310. Let g be p(-30). Calculate the highest common divisor of 1540 and g.
20
Suppose 0 = 7*g + 155 - 204. Suppose -4*t = g*t - 132. Calculate the greatest common factor of t and 384.
12
Suppose 0 = 5*s - 15*s - 3120. Let g = s - -360. Calculate the greatest common divisor of 3 and g.
3
Let i = 2909 + -2. Calculate the highest common divisor of i and 6.
3
Suppose 4*j + 143 + 209 = s, -5*s = 3*j - 1806. Suppose -6*t = -5*r - 4*t + 586, -4*t - s = -3*r. What is the highest common factor of 29 and r?
29
Let y(m) = -4*m**2 - 126*m + 55. Let w be y(-32). Let s be (-1 - 0)/((2 - -6) + w). What is the greatest common factor of 2 and s?
1
Suppose -66*x = -65*x + 5. Let n(w) = 10*w**2 + 25*w + 99. Let z be n(x). What is the highest common factor of 7 and z?
7
Let g = 12 + 24. Let i(w) = 15*w + 15*w - 27*w + 24. Let y be i(0). What is the greatest common factor of g and y?
12
Suppose 2*p = 5*p - 468. Let v = 10960 + -10739. Let q = v - p. What is the greatest common divisor of q and 26?
13
Suppose -296*w = -133*w - 126*w - 3885. What is the highest common factor of w and 870?
15
Let c = 206 - 164. Let a = c - 6. What is the highest common factor of 30 and a?
6
Suppose -2*k - 3*h + 20 = 0, k + 3*h + 71 = 6*k. Calculate the highest common factor of k and 1573.
13
Suppose 3*h - 163 = -5*l, -40*h - l = -47*h + 355. What is the greatest common factor of h and 2873?
17
Suppose -2*t - 35 = -9*t. Suppose 9*d = 4*d + 20. Suppose 2*y + 35 = -t*l + 127, 4*y = d. Calculate the highest common divisor of l and 36.
18
Let s(v) = 144*v + 75*v**2 - 4 + 274*v**2 + 5 - 143*v. Let p be s(1). Calculate the greatest common factor of p and 65.
13
Let k(z) = 180*z**2 + 21*z + 65. Let v be k(-6). Calculate the highest common divisor of v and 98.
49
Suppose -19*t = -20*t - 5*l - 17, -2*l - 104 = -5*t. Calculate the highest common divisor of 648 and t.
18
Suppose 0 = 11*o - 3*o - 408. Let f = o - 47. Let g be f/28 - ((-270)/21 - 1). Calculate the greatest common divisor of 2 and g.
2
Let m = -6099 - -6123. Calculate the highest common divisor of m and 1032.
24
Let m(t) = t - 5. Let r be m(10). Suppose r*h = 3*h + 5*y - 249, 0 = -5*y + 5. Let s = h + 206. Calculate the greatest common divisor of 21 and s.
21
Let g be (-18)/3672*-24 - 18152/(-34). What is the greatest common factor of 3827 and g?
89
Let y(s) = 32*s**2 + s - 12. Let n be y(-4). Let w(a) = -38*a + 259. Let q be w(6). What is the greatest common factor of n and q?
31
Let x be 8/(-4) + 1 + 1. Suppose -55 = -5*g - x*g. Suppose -g*p + 12*p = 22. Calculate the greatest common divisor of 11 and p.
11
Let d(a) = -4*a - 11 - 1 + a + 3. Suppose 0 = c - 4, 5*n + 20 = n - c. Let y be d(n). Calculate the highest common divisor of y and 18.
9
Let h be 18/(6/2) + 3859 + 30. What is the greatest common divisor of 190 and h?
95
Let m be ((-2528)/48)/((-2)/(-3)). Let q = 84 + m. Suppose 7 = -2*p + p + q*y, -4*p - 2*y = -16. Calculate the greatest common divisor of p and 3.
3
Let q(h) = 2*h**3 + 22*h - 40. Let z be q(5). What is the highest common factor of 100 and z?
20
Suppose 3*h + y = 14, 0 = 4*y - 11 - 9. Suppose 2*r - 5*a = 552, 0*a = 2*r + h*a - 584. What is the highest common divisor of r and 22?
22
Suppose -5*v = 4*h - 25, 3*h + 51 = -0*v + 4*v. Suppose -5*i + 54 = -4*i + 4*p, 3*i = p + 123. Let o = i + -15. Calculate the highest common divisor of o and v.
9
Suppose -4*w - 4*l + 520 = 0, 57*l = 56*l. What is the greatest common factor of w and 320?
10
Suppose -142*j = -194*j + 86060. Calculate the highest common factor of j and 5.
5
Let k(n) = 35*n + 4. Suppose 76 = 8*i + 20. Let u(o) = -4*o + 29. Let l be u(i). Let